{"id":1580,"date":"2023-10-30T23:19:11","date_gmt":"2023-10-31T02:19:11","guid":{"rendered":"https:\/\/isp23-sfe.infd.edu.ar\/sitio\/?page_id=1580"},"modified":"2023-10-30T23:19:13","modified_gmt":"2023-10-31T02:19:13","slug":"mesas-de-examenes-nov-dic-2023-5","status":"publish","type":"page","link":"https:\/\/isp23-sfe.infd.edu.ar\/sitio\/mesas-de-examenes-nov-dic-2023-5\/","title":{"rendered":"MESAS DE EX\u00c1MENES NOV-DIC. 2023"},"content":{"rendered":"\n<p> <p>Semana del 17\/11 al 18\/12<\/p><p>En caso que haya una mesa que no tenga fecha designada, enviar al mail del Instituto el espacio curricular que se solicite. isp23elisadamiano@gmail.com<\/p>      <p>Per\u00edodo de inscripci\u00f3n a mesas de ex\u00e1menes del 30\/10 al 02\/11.<\/p> <\/p>\n\n\n\n<div class=\"wp-block-file\"><object class=\"wp-block-file__embed\" data=\"https:\/\/isp23-sfe.infd.edu.ar\/sitio\/wp-content\/uploads\/2023\/10\/MESAS-NOV-DIC-2023-15.pdf\" type=\"application\/pdf\" style=\"width:100%;height:600px\" aria-label=\"Incrustado de MESAS-NOV-DIC-2023-15.\"><\/object><a id=\"wp-block-file--media-6c79c4ee-600a-456a-88ae-f446f5d9e540\" href=\"https:\/\/isp23-sfe.infd.edu.ar\/sitio\/wp-content\/uploads\/2023\/10\/MESAS-NOV-DIC-2023-15.pdf\">MESAS-NOV-DIC-2023-15<\/a><a href=\"https:\/\/isp23-sfe.infd.edu.ar\/sitio\/wp-content\/uploads\/2023\/10\/MESAS-NOV-DIC-2023-15.pdf\" class=\"wp-block-file__button wp-element-button\" download aria-describedby=\"wp-block-file--media-6c79c4ee-600a-456a-88ae-f446f5d9e540\">Descarga<\/a><\/div>\n","protected":false},"excerpt":{"rendered":"<p>Semana del 17\/11 al 18\/12 En caso que haya una mesa que no tenga fecha designada, enviar al mail del Instituto el espacio curricular que se solicite. isp23elisadamiano@gmail.com Per\u00edodo de inscripci\u00f3n a mesas de ex\u00e1menes del 30\/10 al 02\/11.<\/p>\n","protected":false},"author":243,"featured_media":0,"parent":0,"menu_order":0,"comment_status":"closed","ping_status":"closed","template":"","meta":[],"acf":[],"_links":{"self":[{"href":"https:\/\/isp23-sfe.infd.edu.ar\/sitio\/wp-json\/wp\/v2\/pages\/1580"}],"collection":[{"href":"https:\/\/isp23-sfe.infd.edu.ar\/sitio\/wp-json\/wp\/v2\/pages"}],"about":[{"href":"https:\/\/isp23-sfe.infd.edu.ar\/sitio\/wp-json\/wp\/v2\/types\/page"}],"author":[{"embeddable":true,"href":"https:\/\/isp23-sfe.infd.edu.ar\/sitio\/wp-json\/wp\/v2\/users\/243"}],"replies":[{"embeddable":true,"href":"https:\/\/isp23-sfe.infd.edu.ar\/sitio\/wp-json\/wp\/v2\/comments?post=1580"}],"version-history":[{"count":1,"href":"https:\/\/isp23-sfe.infd.edu.ar\/sitio\/wp-json\/wp\/v2\/pages\/1580\/revisions"}],"predecessor-version":[{"id":1582,"href":"https:\/\/isp23-sfe.infd.edu.ar\/sitio\/wp-json\/wp\/v2\/pages\/1580\/revisions\/1582"}],"wp:attachment":[{"href":"https:\/\/isp23-sfe.infd.edu.ar\/sitio\/wp-json\/wp\/v2\/media?parent=1580"}],"curies":[{"name":"wp","href":"https:\/\/api.w.org\/{rel}","templated":true}]}}