{"id":807,"date":"2018-08-31T16:15:29","date_gmt":"2018-08-31T19:15:29","guid":{"rendered":"https:\/\/isp23-sfe.infd.edu.ar\/sitio\/publicaciones-de-docentes\/"},"modified":"2021-03-21T21:22:23","modified_gmt":"2021-03-22T00:22:23","slug":"publicaciones-de-docentes","status":"publish","type":"page","link":"https:\/\/isp23-sfe.infd.edu.ar\/sitio\/publicaciones-de-docentes\/","title":{"rendered":"Publicaciones de docentes"},"content":{"rendered":"<p><strong>Marzo 2021<\/strong><\/p>\n<p><strong>LA ECOLOG\u00cdA COMO REAPROPIACI\u00d3N (Verwindung) DEL HUMANISMO<br \/>\n<\/strong><\/p>\n<p>Resumen: Este ensayo a trav\u00e9s de un recorrido sucinto por las nociones m\u00e1s relevantes del Heidegger posterior a la Kehre, contrastadas con teor\u00edas de autores como Augusto Comte y Herbert Marcuse, busca evidenciar las contribuciones que el pensar meditativo heideggeriano tiene para ofrecer al hombre de hoy, con la mirada puesta en la esperanza de perfilar un estilo po\u00e9tico, y, por tanto, m\u00e1s humano de habitar la tierra. En este orden de cosas, el problema ecol\u00f3gico es tratado de un modo amplio, toda vez que este art\u00edculo no se aboca a recabar datos espec\u00edficos asociados a este asunto, sino que antes bien intenta favorecer el desarrollo, en la vida individual y colectiva, de un pensamiento que no sea exclusivamente c\u00e1lculo, de acuerdo al modo en que Heidegger lo sugiere.En cualquier caso, si se prefiere, la pretensi\u00f3n perseguida por este escrito no es otra que mostrar, se\u00f1alar, y por supuesto, asumir un compromiso concreto con la difusi\u00f3n de una original manera de reflexi\u00f3n, propuesta por Heidegger, en funci\u00f3n de la cual, dicho sea de paso, podemos hacer cuentas, no sin problemas, con el evento cient\u00edfico t\u00e9cnico que impera en el mundo actual.<\/p>\n<p>Pensamiento al margen. Revista Digital de Ideas Pol\u00edticas. N\u00famero especial.<\/p>\n<p>Heidegger revolucionario: Cr\u00edtica al Capitalismo, Arte y Pol\u00edticas del ser (2021), <strong>pp. 156-168<\/strong>.ISSN:2386-6098. <strong><br \/>\n<\/strong><\/p>\n<p><strong>https:\/\/pensamientoalmargen.com\/2021\/03\/01\/heidegger-revolucionario\/<\/strong><\/p>\n<p>Nicola Pairetti*<\/p>\n<p>Instituto Superior n\u00b023 Elisa Damiano<\/p>\n<p>&#8212;&#8212;&#8212;&#8212;&#8212;&#8212;&#8212;&#8212;&#8212;&#8212;&#8212;&#8212;&#8212;&#8212;&#8212;&#8212;&#8212;&#8212;&#8212;&#8212;&#8212;&#8212;&#8212;&#8212;&#8212;&#8212;&#8212;&#8212;&#8212;&#8212;&#8212;&#8212;&#8212;&#8212;&#8212;&#8212;&#8212;&#8212;&#8212;&#8212;&#8212;&#8212;&#8212;&#8212;&#8212;&#8212;&#8212;&#8211;<\/p>\n<p><strong>Mayo 2020<\/strong><\/p>\n<p><strong>HERCRITIA<\/strong><\/p>\n<p><strong>La c\u00e1tedra de investigaci\u00f3n de Hermen\u00e9utica Cr\u00edtica, <\/strong>HERCRITIA constituye actualmente un punto de encuentro internacional de pensamiento e investigacio\u0301n acade\u0301micos que cuenta con la participacio\u0301n de cinco universidades, tres centros de investigacio\u0301n, y ma\u0301s de cincuenta colaboradores adscritos a diferentes instituciones acade\u0301micas de Europa y Ame\u0301rica Latina.<\/p>\n<p>El d\u00eda 08 de Mayo de 2020 se public\u00f3 el art\u00edculo <strong>COVID-19: DISCURSOS EDIFICANTES CONTRA EL PODER DE LA CIENCIA,<\/strong> escrito por el profesor <strong>Pairetti Carlos<\/strong>, docente del I.S.N\u00b0 23. <a href=\"https:\/\/www.catedradehermeneutica.org\/\">https:\/\/www.catedradehermeneutica.org\/<\/a><\/p>\n<p><img decoding=\"async\" loading=\"lazy\" class=\"wp-image-1021 aligncenter\" src=\"https:\/\/isp23-sfe.infd.edu.ar\/sitio\/wp-content\/uploads\/2020\/05\/Publicaci\u00f3n_CarlosPairetti.png\" alt=\"\" width=\"406\" height=\"388\" \/><\/p>\n<p><u>Otras publicaciones:<\/u> Hermen\u00e9utica de la disoluci\u00f3n en Gianni Vattimo en el horizonte de la tecnociencia. <a href=\"https:\/\/pensamientoalmargen.com\/call-for-papers\/\">https:\/\/pensamientoalmargen.com\/call-for-papers\/<\/a><\/p>\n<hr \/>\n<p>Doctor Carlos Pairetti &#8211; Profesor del Instituto Superior N\u00b0 23.<\/p>\n<p><a id=\"LPUrlAnchor_14752510838820.043533268497255584\" href=\"http:\/\/www.hoydia.com.ar\/index.php\/magazine\/1073-vattimo-en-cordoba?platform=hootsuite\" target=\"_blank\" rel=\"noopener\">Hoy Dia Cordoba &#8211; Vattimo en C\u00f3rdoba &#8211; Hoy Dia Cordoba | 2016<\/a><\/p>\n<p><a id=\"LPlnk690849\" href=\"https:\/\/www.youtube.com\/watch?v=POIJlIa95fU\">https:\/\/www.youtube.com\/watch?v=POIJlIa95fU<\/a><\/p>\n<p><a id=\"LPUrlAnchor_14752510654050.3801951535085153\" href=\"https:\/\/www.youtube.com\/watch?v=POIJlIa95fU\" target=\"_blank\" rel=\"noopener\">EN VIVO! \u201cArgentina, desaf\u00edos globales a 200 a\u00f1os de &#8230;<\/a><\/p>\n<p>&nbsp;<\/p>\n<p><img decoding=\"async\" src=\"http:\/\/isp23.sfe.infd.edu.ar\/sitio\/upload\/img\/2DbDSfKLZryR6imagen_incrustada1.png\" alt=\"\" border=\"0\" \/><\/p>\n<p>18:30h: PROGRAMACI\u00d3N CENTRAL . \u201cArgentina, desaf\u00edos globales a 200 a\u00f1os de la independencia\u201d. Charla con Gianni Vattimo (Italia). Presentan: Nelson Specchia &#8230;<\/p>\n<p><a id=\"LPlnk290830\" href=\"http:\/\/www.hoydia.com.ar\/index.php\/magazine\/1073-vattimo-en-cordoba?platform=hootsuite\">http:\/\/www.hoydia.com.ar\/index.php\/magazine\/1073-vattimo-en-cordoba?platform=hootsuite<\/a><\/p>\n<p>&#8212;&#8212;&#8212;&#8212;&#8212;&#8212;&#8212;&#8212;&#8212;&#8212;&#8212;&#8212;&#8212;&#8212;&#8212;&#8212;&#8212;&#8212;&#8212;&#8212;&#8212;&#8212;&#8212;&#8212;&#8212;&#8212;&#8212;&#8212;&#8212;&#8212;&#8212;<\/p>\n<p>Doctor Carlos Pairetti &#8211; Profesor del Instituto Superior N\u00b0 23.<\/p>\n<p>Blog de Vattimo en el que se public\u00f3 mi idea sobre su pensamiento.<\/p>\n<p><a id=\"LPlnk244294\" href=\"https:\/\/nonquotidiano.wordpress.com\/2016\/08\/30\/el-pensamiento-de-vattimo-como-hermeneutica-de-la-disolucion\/\">https:\/\/nonquotidiano.wordpress.com\/2016\/08\/30\/el-pensamiento-de-vattimo-como-hermeneutica-de-la-disolucion\/<\/a><\/p>\n<p><em>Doctor Carlos Pairetti. Por razones que expondr\u00e9 de inmediato considero que el hilo conductor para una lectura aggiornata del pensamiento de Vattimo puede ser bautizado como hermen\u00e9utica de la diso\u2026<\/em><\/p>\n<p style=\"text-align: justify;\">&#8212;&#8212;&#8212;&#8212;&#8212;&#8212;&#8212;&#8212;&#8212;&#8212;&#8212;&#8212;&#8212;&#8212;&#8212;&#8212;&#8212;&#8212;&#8212;&#8212;&#8212;&#8212;&#8212;&#8212;&#8212;&#8212;&#8212;&#8212;&#8212;&#8212;&#8211;<\/p>\n<p style=\"text-align: justify;\">El Centro Ana Frank Argentina, el Ministerio de Educaci\u00f3n de la ciudad de Buenos Aires y Eudeba presentaron el <strong>11 de Junio<\/strong>\u00a0de 2013 en Buenos Aires el Libro \u201c<strong>De Ana Frank a nuestros d\u00edas \u2013 Textos y proyectos que construyen convivencia \u2013 Tomo 2<\/strong>\u201d donde se publica un texto ganador del 3er. y 4to. concurso literario de la Prof. <strong>Patricia Faverzani<\/strong>, docente del I.S.N\u00ba 23 y Escuela N\u00ba 210.<\/p>\n<p style=\"text-align: justify;\">\u00a0<em>La Casa de Ana Frank es una organizaci\u00f3n independiente encargada de preservar la Casa de Atr\u00e1s, el lugar donde Ana Frank estuvo escondida durante la Segunda Guerra Mundial y donde escribi\u00f3 su diario. El recuerdo de Ana Frank intenta ser una fuente de inspiraci\u00f3n para todas las personas para motivarlos a reflexionar sobre los peligros del antisemitismo, el racismo y la discriminaci\u00f3n, y la importancia de la libertad, la igualdad de derechos y la democracia.<\/em><\/p>\n<p style=\"text-align: justify;\"><em>El libro conjuntamente con la editorial eudeba,es el resultado del trabajo de adolescentes, j\u00f3venes y educadores, plenos de talento, con especial sensibilidad y profundamente comprometido con el tiempo que les ha tocado vivir.\u00a0 Este libro es un modo de ofrecer proyectos creativos que mejoren las condiciones de convivencia en la diversidad y el derecho al conocimiento.<\/em><\/p>\n<p style=\"text-align: justify;\">&#8212;&#8212;&#8212;&#8212;&#8212;&#8212;&#8212;&#8212;&#8212;&#8212;&#8212;&#8212;&#8212;&#8212;&#8212;&#8212;&#8212;&#8212;&#8212;&#8212;&#8212;&#8212;&#8212;&#8212;&#8212;&#8212;&#8212;&#8212;&#8212;&#8212;&#8212;&#8212;&#8212;&#8212;&#8212;<\/p>\n<p style=\"text-align: justify;\">La Prof.<strong> Silvia Del Pino,<\/strong> docente de nuestra instituci\u00f3n, public\u00f3 el libro \u201cFactores Ling\u00fc\u00edsticos y su relaci\u00f3n con la Dislexia\u201d.<\/p>\n<p style=\"text-align: justify;\">\u00ab<em>En la obra delimita el t\u00e9rmino \u201cdislexia\u201d tratando de asignarle al mismo una entidad propia . Discute la posibilidad de que la dislexia \u00a0implique un problema de competencia ling\u00fc\u00edstica espec\u00edfica, planteando una hip\u00f3tesis basada principalmente en el plano fonol\u00f3gico y secundariamente en el sint\u00e1ctico y sem\u00e1ntico. Para ello recurre a \u00a0reconocidos autores de la psicolog\u00eda y la ling\u00fc\u00edstica.\u00a0 La \u00a0autora\u00a0 pretende obtener claridad\u00a0 sobre este tema tan controvertido, y de este modo aportar elementos te\u00f3ricos para lograr un buen diagn\u00f3stico y acertadas intervenciones<\/em>\u00ab.<\/p>\n<p style=\"text-align: justify;\"><span style=\"font-size: 8pt;\"><em>Fuente: Suplemento de Educaci\u00f3n d<\/em><em>e<\/em><em>l<\/em> Diario <em>La Capital 15\/09\/12.<\/em><\/span><\/p>\n<p><img decoding=\"async\" loading=\"lazy\" style=\"display: block; margin-left: auto; margin-right: auto;\" src=\"https:\/\/isp23-sfe.infd.edu.ar\/sitio\/wp-content\/uploads\/2018\/08\/2Dz6oEclQFNqXimagen_incrustada1.png\" width=\"221\" height=\"352\" border=\"0\" \/><\/p>\n<p>&#8212;&#8212;&#8212;&#8212;&#8212;&#8212;&#8212;&#8212;&#8212;&#8212;&#8212;&#8212;&#8212;&#8212;&#8212;&#8212;&#8212;&#8212;&#8212;&#8212;&#8212;&#8212;&#8212;&#8212;&#8212;&#8212;&#8212;&#8212;&#8212;&#8212;&#8212;&#8212;&#8212;&#8211;<\/p>\n<p style=\"text-align: justify;\">El Prof.<strong> Carlos Pairetti,<\/strong> docente de nuestra instituci\u00f3n, disert\u00f3 el 31 de Agosto de 2012 en las VII Jornadas Internacionales de \u00c9tica desarrolladas en la Universidad del El Salvador de la ciudad de Buenos Aires.<\/p>\n<p>Invitamos a docentes y alumnos a leer el abstract de su ponencia: <strong>\u00ab\u00c9tica de la conversaci\u00f3n\u00bb<\/strong><\/p>\n<p><img decoding=\"async\" style=\"display: block; margin-left: auto; margin-right: auto;\" src=\"https:\/\/isp23-sfe.infd.edu.ar\/sitio\/wp-content\/uploads\/2018\/08\/1HJ9aw6H48qgXimagen_incrustada2.png\" border=\"0\" \/><\/p>\n<p style=\"text-align: justify;\"><em>\u00abBajo el t\u00edtulo \u00c9tica de la conversaci\u00f3n me propongo reflexionar acerca de la posibilidad de continuar adelante con la tarea de debilitamiento o dislocaci\u00f3n del logos (aquel capaz de convertir el Ser en algo disponible para un sujeto finito), iniciada por el pensamiento postmetaf\u00edsico. Para tal fin, encuentro plausible la tarea de individualizar un nexo entre las conclusiones del pensar poetizante de Heidegger y la interpretaci\u00f3n d\u00e9bil-ir\u00f3nica del ser, propuesta por Vattimo y Rorty, respectivamente. En efecto, si el ser no es sino que acontece, tal acontecimiento, se da siempre en el lenguaje, en las lenguas hist\u00f3ricas, seg\u00fan Heidegger. Pero el lenguaje que se apropia del evento del ser de manera m\u00e1s originaria, no es otro que el de la poes\u00eda. Por tanto, s\u00f3lo un pensamiento d\u00e9bil-ir\u00f3nico que ya no pretenda, como lo hace aquel de car\u00e1cter metaf\u00edsico, apoderarse de una verdad objetiva que se enuncia en un lenguaje que cree agotar todo lo que la palabra tiene para decir, es capaz de interpretar la palabra sin agotarla, respet\u00e1ndola en su naturaleza de permanente reserva. Apoy\u00e1ndose en este pensamiento d\u00e9bil-ir\u00f3nico, es posible proponer una \u00e9tica de la conversaci\u00f3n que, al mismo tiempo, conlleva una notable disminuci\u00f3n de la violencia.\u00bb<\/em><\/p>\n","protected":false},"excerpt":{"rendered":"<p>Marzo 2021 LA ECOLOG\u00cdA COMO REAPROPIACI\u00d3N (Verwindung) DEL HUMANISMO Resumen: Este ensayo a trav\u00e9s de un recorrido sucinto por las nociones m\u00e1s relevantes del Heidegger posterior a la Kehre, contrastadas con teor\u00edas de autores como Augusto Comte y Herbert Marcuse, busca evidenciar las contribuciones que el pensar meditativo heideggeriano tiene para ofrecer al hombre de &#8230; <a title=\"Publicaciones de docentes\" class=\"read-more\" href=\"https:\/\/isp23-sfe.infd.edu.ar\/sitio\/publicaciones-de-docentes\/\" aria-label=\"More on Publicaciones de docentes\">[+]<\/a><\/p>\n","protected":false},"author":243,"featured_media":0,"parent":0,"menu_order":0,"comment_status":"closed","ping_status":"closed","template":"","meta":[],"acf":[],"_links":{"self":[{"href":"https:\/\/isp23-sfe.infd.edu.ar\/sitio\/wp-json\/wp\/v2\/pages\/807"}],"collection":[{"href":"https:\/\/isp23-sfe.infd.edu.ar\/sitio\/wp-json\/wp\/v2\/pages"}],"about":[{"href":"https:\/\/isp23-sfe.infd.edu.ar\/sitio\/wp-json\/wp\/v2\/types\/page"}],"author":[{"embeddable":true,"href":"https:\/\/isp23-sfe.infd.edu.ar\/sitio\/wp-json\/wp\/v2\/users\/243"}],"replies":[{"embeddable":true,"href":"https:\/\/isp23-sfe.infd.edu.ar\/sitio\/wp-json\/wp\/v2\/comments?post=807"}],"version-history":[{"count":7,"href":"https:\/\/isp23-sfe.infd.edu.ar\/sitio\/wp-json\/wp\/v2\/pages\/807\/revisions"}],"predecessor-version":[{"id":1104,"href":"https:\/\/isp23-sfe.infd.edu.ar\/sitio\/wp-json\/wp\/v2\/pages\/807\/revisions\/1104"}],"wp:attachment":[{"href":"https:\/\/isp23-sfe.infd.edu.ar\/sitio\/wp-json\/wp\/v2\/media?parent=807"}],"curies":[{"name":"wp","href":"https:\/\/api.w.org\/{rel}","templated":true}]}}

<p><strong>Marzo 2021</strong></p>
<p><strong>LA ECOLOGÍA COMO REAPROPIACIÓN (Verwindung) DEL HUMANISMO<br />
</strong></p>
<p>Resumen: Este ensayo a través de un recorrido sucinto por las nociones más relevantes del Heidegger posterior a la Kehre, contrastadas con teorías de autores como Augusto Comte y Herbert Marcuse, busca evidenciar las contribuciones que el pensar meditativo heideggeriano tiene para ofrecer al hombre de hoy, con la mirada puesta en la esperanza de perfilar un estilo poético, y, por tanto, más humano de habitar la tierra. En este orden de cosas, el problema ecológico es tratado de un modo amplio, toda vez que este artículo no se aboca a recabar datos específicos asociados a este asunto, sino que antes bien intenta favorecer el desarrollo, en la vida individual y colectiva, de un pensamiento que no sea exclusivamente cálculo, de acuerdo al modo en que Heidegger lo sugiere.En cualquier caso, si se prefiere, la pretensión perseguida por este escrito no es otra que mostrar, señalar, y por supuesto, asumir un compromiso concreto con la difusión de una original manera de reflexión, propuesta por Heidegger, en función de la cual, dicho sea de paso, podemos hacer cuentas, no sin problemas, con el evento científico técnico que impera en el mundo actual.</p>
<p>Pensamiento al margen. Revista Digital de Ideas Políticas. Número especial.</p>
<p>Heidegger revolucionario: Crítica al Capitalismo, Arte y Políticas del ser (2021), <strong>pp. 156-168</strong>.ISSN:2386-6098. <strong><br />
</strong></p>
<p><strong>https://pensamientoalmargen.com/2021/03/01/heidegger-revolucionario/</strong></p>
<p>Nicola Pairetti*</p>
<p>Instituto Superior n°23 Elisa Damiano</p>
<p>&#8212;&#8212;&#8212;&#8212;&#8212;&#8212;&#8212;&#8212;&#8212;&#8212;&#8212;&#8212;&#8212;&#8212;&#8212;&#8212;&#8212;&#8212;&#8212;&#8212;&#8212;&#8212;&#8212;&#8212;&#8212;&#8212;&#8212;&#8212;&#8212;&#8212;&#8212;&#8212;&#8212;&#8212;&#8212;&#8212;&#8212;&#8212;&#8212;&#8212;&#8212;&#8212;&#8212;&#8212;&#8212;&#8212;&#8212;&#8211;</p>
<p><strong>Mayo 2020</strong></p>
<p><strong>HERCRITIA</strong></p>
<p><strong>La cátedra de investigación de Hermenéutica Crítica, </strong>HERCRITIA constituye actualmente un punto de encuentro internacional de pensamiento e investigación académicos que cuenta con la participación de cinco universidades, tres centros de investigación, y más de cincuenta colaboradores adscritos a diferentes instituciones académicas de Europa y América Latina.</p>
<p>El día 08 de Mayo de 2020 se publicó el artículo <strong>COVID-19: DISCURSOS EDIFICANTES CONTRA EL PODER DE LA CIENCIA,</strong> escrito por el profesor <strong>Pairetti Carlos</strong>, docente del I.S.N° 23. <a href="https://www.catedradehermeneutica.org/">https://www.catedradehermeneutica.org/</a></p>
<p><img decoding="async" loading="lazy" class="wp-image-1021 aligncenter" src="https://isp23-sfe.infd.edu.ar/sitio/wp-content/uploads/2020/05/Publicación_CarlosPairetti.png" alt="" width="406" height="388" /></p>
<p><u>Otras publicaciones:</u> Hermenéutica de la disolución en Gianni Vattimo en el horizonte de la tecnociencia. <a href="https://pensamientoalmargen.com/call-for-papers/">https://pensamientoalmargen.com/call-for-papers/</a></p>
<hr />
<p>Doctor Carlos Pairetti &#8211; Profesor del Instituto Superior N° 23.</p>
<p><a id="LPUrlAnchor_14752510838820.043533268497255584" href="http://www.hoydia.com.ar/index.php/magazine/1073-vattimo-en-cordoba?platform=hootsuite" target="_blank" rel="noopener">Hoy Dia Cordoba &#8211; Vattimo en Córdoba &#8211; Hoy Dia Cordoba | 2016</a></p>
<p><a id="LPlnk690849" href="https://www.youtube.com/watch?v=POIJlIa95fU">https://www.youtube.com/watch?v=POIJlIa95fU</a></p>
<p><a id="LPUrlAnchor_14752510654050.3801951535085153" href="https://www.youtube.com/watch?v=POIJlIa95fU" target="_blank" rel="noopener">EN VIVO! “Argentina, desafíos globales a 200 años de &#8230;</a></p>
<p>&nbsp;</p>
<p><img decoding="async" src="http://isp23.sfe.infd.edu.ar/sitio/upload/img/2DbDSfKLZryR6imagen_incrustada1.png" alt="" border="0" /></p>
<p>18:30h: PROGRAMACIÓN CENTRAL . “Argentina, desafíos globales a 200 años de la independencia”. Charla con Gianni Vattimo (Italia). Presentan: Nelson Specchia &#8230;</p>
<p><a id="LPlnk290830" href="http://www.hoydia.com.ar/index.php/magazine/1073-vattimo-en-cordoba?platform=hootsuite">http://www.hoydia.com.ar/index.php/magazine/1073-vattimo-en-cordoba?platform=hootsuite</a></p>
<p>&#8212;&#8212;&#8212;&#8212;&#8212;&#8212;&#8212;&#8212;&#8212;&#8212;&#8212;&#8212;&#8212;&#8212;&#8212;&#8212;&#8212;&#8212;&#8212;&#8212;&#8212;&#8212;&#8212;&#8212;&#8212;&#8212;&#8212;&#8212;&#8212;&#8212;&#8212;</p>
<p>Doctor Carlos Pairetti &#8211; Profesor del Instituto Superior N° 23.</p>
<p>Blog de Vattimo en el que se publicó mi idea sobre su pensamiento.</p>
<p><a id="LPlnk244294" href="https://nonquotidiano.wordpress.com/2016/08/30/el-pensamiento-de-vattimo-como-hermeneutica-de-la-disolucion/">https://nonquotidiano.wordpress.com/2016/08/30/el-pensamiento-de-vattimo-como-hermeneutica-de-la-disolucion/</a></p>
<p><em>Doctor Carlos Pairetti. Por razones que expondré de inmediato considero que el hilo conductor para una lectura aggiornata del pensamiento de Vattimo puede ser bautizado como hermenéutica de la diso…</em></p>
<p style="text-align: justify;">&#8212;&#8212;&#8212;&#8212;&#8212;&#8212;&#8212;&#8212;&#8212;&#8212;&#8212;&#8212;&#8212;&#8212;&#8212;&#8212;&#8212;&#8212;&#8212;&#8212;&#8212;&#8212;&#8212;&#8212;&#8212;&#8212;&#8212;&#8212;&#8212;&#8212;&#8211;</p>
<p style="text-align: justify;">El Centro Ana Frank Argentina, el Ministerio de Educación de la ciudad de Buenos Aires y Eudeba presentaron el <strong>11 de Junio</strong> de 2013 en Buenos Aires el Libro “<strong>De Ana Frank a nuestros días – Textos y proyectos que construyen convivencia – Tomo 2</strong>” donde se publica un texto ganador del 3er. y 4to. concurso literario de la Prof. <strong>Patricia Faverzani</strong>, docente del I.S.Nº 23 y Escuela Nº 210.</p>
<p style="text-align: justify;"> <em>La Casa de Ana Frank es una organización independiente encargada de preservar la Casa de Atrás, el lugar donde Ana Frank estuvo escondida durante la Segunda Guerra Mundial y donde escribió su diario. El recuerdo de Ana Frank intenta ser una fuente de inspiración para todas las personas para motivarlos a reflexionar sobre los peligros del antisemitismo, el racismo y la discriminación, y la importancia de la libertad, la igualdad de derechos y la democracia.</em></p>
<p style="text-align: justify;"><em>El libro conjuntamente con la editorial eudeba,es el resultado del trabajo de adolescentes, jóvenes y educadores, plenos de talento, con especial sensibilidad y profundamente comprometido con el tiempo que les ha tocado vivir.  Este libro es un modo de ofrecer proyectos creativos que mejoren las condiciones de convivencia en la diversidad y el derecho al conocimiento.</em></p>
<p style="text-align: justify;">&#8212;&#8212;&#8212;&#8212;&#8212;&#8212;&#8212;&#8212;&#8212;&#8212;&#8212;&#8212;&#8212;&#8212;&#8212;&#8212;&#8212;&#8212;&#8212;&#8212;&#8212;&#8212;&#8212;&#8212;&#8212;&#8212;&#8212;&#8212;&#8212;&#8212;&#8212;&#8212;&#8212;&#8212;&#8212;</p>
<p style="text-align: justify;">La Prof.<strong> Silvia Del Pino,</strong> docente de nuestra institución, publicó el libro “Factores Lingüísticos y su relación con la Dislexia”.</p>
<p style="text-align: justify;">«<em>En la obra delimita el término “dislexia” tratando de asignarle al mismo una entidad propia . Discute la posibilidad de que la dislexia  implique un problema de competencia lingüística específica, planteando una hipótesis basada principalmente en el plano fonológico y secundariamente en el sintáctico y semántico. Para ello recurre a  reconocidos autores de la psicología y la lingüística.  La  autora  pretende obtener claridad  sobre este tema tan controvertido, y de este modo aportar elementos teóricos para lograr un buen diagnóstico y acertadas intervenciones</em>«.</p>
<p style="text-align: justify;"><span style="font-size: 8pt;"><em>Fuente: Suplemento de Educación d</em><em>e</em><em>l</em> Diario <em>La Capital 15/09/12.</em></span></p>
<p><img decoding="async" loading="lazy" style="display: block; margin-left: auto; margin-right: auto;" src="https://isp23-sfe.infd.edu.ar/sitio/wp-content/uploads/2018/08/2Dz6oEclQFNqXimagen_incrustada1.png" width="221" height="352" border="0" /></p>
<p>&#8212;&#8212;&#8212;&#8212;&#8212;&#8212;&#8212;&#8212;&#8212;&#8212;&#8212;&#8212;&#8212;&#8212;&#8212;&#8212;&#8212;&#8212;&#8212;&#8212;&#8212;&#8212;&#8212;&#8212;&#8212;&#8212;&#8212;&#8212;&#8212;&#8212;&#8212;&#8212;&#8212;&#8211;</p>
<p style="text-align: justify;">El Prof.<strong> Carlos Pairetti,</strong> docente de nuestra institución, disertó el 31 de Agosto de 2012 en las VII Jornadas Internacionales de Ética desarrolladas en la Universidad del El Salvador de la ciudad de Buenos Aires.</p>
<p>Invitamos a docentes y alumnos a leer el abstract de su ponencia: <strong>«Ética de la conversación»</strong></p>
<p><img decoding="async" style="display: block; margin-left: auto; margin-right: auto;" src="https://isp23-sfe.infd.edu.ar/sitio/wp-content/uploads/2018/08/1HJ9aw6H48qgXimagen_incrustada2.png" border="0" /></p>
<p style="text-align: justify;"><em>«Bajo el título Ética de la conversación me propongo reflexionar acerca de la posibilidad de continuar adelante con la tarea de debilitamiento o dislocación del logos (aquel capaz de convertir el Ser en algo disponible para un sujeto finito), iniciada por el pensamiento postmetafísico. Para tal fin, encuentro plausible la tarea de individualizar un nexo entre las conclusiones del pensar poetizante de Heidegger y la interpretación débil-irónica del ser, propuesta por Vattimo y Rorty, respectivamente. En efecto, si el ser no es sino que acontece, tal acontecimiento, se da siempre en el lenguaje, en las lenguas históricas, según Heidegger. Pero el lenguaje que se apropia del evento del ser de manera más originaria, no es otro que el de la poesía. Por tanto, sólo un pensamiento débil-irónico que ya no pretenda, como lo hace aquel de carácter metafísico, apoderarse de una verdad objetiva que se enuncia en un lenguaje que cree agotar todo lo que la palabra tiene para decir, es capaz de interpretar la palabra sin agotarla, respetándola en su naturaleza de permanente reserva. Apoyándose en este pensamiento débil-irónico, es posible proponer una ética de la conversación que, al mismo tiempo, conlleva una notable disminución de la violencia.»</em></p>

<p>Marzo 2021 LA ECOLOGÍA COMO REAPROPIACIÓN (Verwindung) DEL HUMANISMO Resumen: Este ensayo a través de un recorrido sucinto por las nociones más relevantes del Heidegger posterior a la Kehre, contrastadas con teorías de autores como Augusto Comte y Herbert Marcuse, busca evidenciar las contribuciones que el pensar meditativo heideggeriano tiene para ofrecer al hombre de &#8230; <a title="Publicaciones de docentes" class="read-more" href="https://isp23-sfe.infd.edu.ar/sitio/publicaciones-de-docentes/" aria-label="More on Publicaciones de docentes">[+]</a></p>
