{"id":809,"date":"2018-08-31T16:15:30","date_gmt":"2018-08-31T19:15:30","guid":{"rendered":"https:\/\/isp23-sfe.infd.edu.ar\/sitio\/publicaciones-de-alumnos\/"},"modified":"2021-12-06T21:33:15","modified_gmt":"2021-12-07T00:33:15","slug":"publicaciones-de-alumnos","status":"publish","type":"page","link":"https:\/\/isp23-sfe.infd.edu.ar\/sitio\/publicaciones-de-alumnos\/","title":{"rendered":"Publicaciones de alumnos"},"content":{"rendered":"<div class=\"tiny_personalizado text_overflow\">\n<div class=\"tiny_personalizado text_overflow\">\n<h2>2021 &#8211; Noviembre<\/h2>\n<p>El siguiente Blog disponible en <a href=\"https:\/\/cienciaylamujer.blogspot.com\/\" target=\"_blank\" rel=\"noopener\">https:\/\/cienciaylamujer.blogspot.com\/<\/a> forma parte de una de las actividades pensadas y llevadas a cabo en el Proyecto de extensi\u00f3n realizado por los estudiantes Andreis J\u00e9sica, Bianciotto Sof\u00eda, Laguardia Santiago, Mart\u00ednez Jimena y Nicolino Natalia; del \u00faltimo a\u00f1o del <strong>Profesorado de Educaci\u00f3n Secundaria en Biolog\u00eda<\/strong>; desde el Espacio Curricular UCCV: Proyectos de Extensi\u00f3n a cargo de la Prof. Cecilia Degano.<\/p>\n<p><img decoding=\"async\" loading=\"lazy\" class=\"alignnone size-full wp-image-1199\" src=\"https:\/\/isp23-sfe.infd.edu.ar\/sitio\/wp-content\/uploads\/2021\/12\/CodigoQR.png\" alt=\"\" width=\"255\" height=\"410\" \/><\/p>\n<\/div>\n<div class=\"tiny_personalizado text_overflow\">\n<p>Compartimos tambi\u00e9n el folleto de divulgaci\u00f3n del Blog (formato PDF): <a href=\"https:\/\/isp23-sfe.infd.edu.ar\/sitio\/wp-content\/uploads\/2021\/12\/Folleto_Blog.pdf\">Folleto_Blog<\/a><\/p>\n<pre><strong>-------------------------------------------------------------------------------------------------------------------<\/strong><\/pre>\n<h2>2020-Noviembre<\/h2>\n<h4>25 de Noviembre. \u00ab<strong>D\u00eda de sensibilizaci\u00f3n y denuncia sobre la violencia contra las mujeres en el mundo<\/strong>\u00ab<\/h4>\n<p>Trabajos de los\/as alumnos\/as de 4\u00b0 A\u00f1o del Profesorado de Educaci\u00f3n Inicial y de Educaci\u00f3n Primaria sobre la Jornada de Educar en Igualdad.<\/p>\n<p>Unidad Curricular: Taller de Sexualidad<\/p>\n<p><img decoding=\"async\" loading=\"lazy\" class=\" wp-image-1071 aligncenter\" src=\"https:\/\/isp23-sfe.infd.edu.ar\/sitio\/wp-content\/uploads\/2020\/11\/WhatsApp-Image-2020-11-24-at-22.54.101-563x1000.jpeg\" alt=\"\" width=\"245\" height=\"435\" srcset=\"https:\/\/isp23-sfe.infd.edu.ar\/sitio\/wp-content\/uploads\/2020\/11\/WhatsApp-Image-2020-11-24-at-22.54.101-563x1000.jpeg 563w, https:\/\/isp23-sfe.infd.edu.ar\/sitio\/wp-content\/uploads\/2020\/11\/WhatsApp-Image-2020-11-24-at-22.54.101.jpeg 720w\" sizes=\"(max-width: 245px) 100vw, 245px\" \/><\/p>\n<p>Presentaci\u00f3n (powerpoint): <a href=\"https:\/\/isp23-sfe.infd.edu.ar\/sitio\/wp-content\/uploads\/2020\/11\/POWER-VIOLENCIA-DE-GENERO-SEXUALIDAD.pptx\">\u00a0 POWER VIOLENCIA DE GENERO, SEXUALIDAD<\/a><\/p>\n<\/div>\n<p>&#8212;&#8212;&#8212;&#8212;&#8212;&#8212;&#8212;&#8212;&#8212;&#8212;&#8212;&#8212;&#8212;&#8212;&#8212;&#8212;&#8212;&#8212;&#8212;&#8212;&#8212;&#8212;&#8212;&#8212;&#8212;&#8212;&#8212;&#8212;&#8212;&#8212;&#8212;&#8212;&#8212;&#8212;&#8212;&#8212;&#8212;&#8212;&#8212;&#8212;&#8212;&#8212;&#8212;&#8212;&#8212;&#8212;&#8212;&#8212;&#8212;&#8212;&#8212;&#8212;&#8212;&#8212;&#8212;&#8212;&#8212;&#8212;&#8211;<\/p>\n<div class=\"tiny_personalizado text_overflow\">\n<h2>2019-Diciembre &#8211; Menci\u00f3n Blog Premio UBA<\/h2>\n<p><span class=\"st\"><span style=\"color: #008000;\">\u00a1<em>Felicitaciones<\/em><em>por<\/em> merecida <\/span><em><span style=\"color: #008000;\">Menci\u00f3n!-<\/span><\/em><\/span><span class=\"st\"><em><span style=\"color: #008000;\">Comunidad Educativa I.S.N\u00ba 23.<\/span><br \/>\n<\/em><\/span><\/p>\n<\/div>\n<\/div>\n<p><!--more--><\/p>\n<p><!--more--><\/p>\n<p><!--more--><\/p>\n<p><!--more--><\/p>\n<p><!--more--><\/p>\n<p><img decoding=\"async\" loading=\"lazy\" class=\"alignnone wp-image-983\" src=\"https:\/\/isp23-sfe.infd.edu.ar\/sitio\/wp-content\/uploads\/2019\/12\/img039.jpg\" alt=\"\" width=\"600\" height=\"414\" \/><\/p>\n<p><img decoding=\"async\" loading=\"lazy\" class=\"alignnone size-full wp-image-985\" src=\"https:\/\/isp23-sfe.infd.edu.ar\/sitio\/wp-content\/uploads\/2019\/12\/Alumnas_premio.jpg\" alt=\"\" width=\"588\" height=\"392\" \/><\/p>\n<div class=\"tiny_personalizado text_overflow\">\n<div class=\"tiny_personalizado text_overflow\">\n<h2>2019-Noviembre &#8211; Blog seleccionado para Premio UBA<\/h2>\n<\/div>\n<\/div>\n<div class=\"tiny_personalizado text_overflow\">\n<div class=\"tiny_personalizado text_overflow\">\n<div class=\"tiny_personalizado text_overflow\">\n<div dir=\"ltr\">\n<h5><strong>La 13\u00aa edici\u00f3n del Premio UBA al periodismo educativo y cultural tiene sus ganadores<\/strong><\/h5>\n<p>El 9 de diciembre se llevar\u00e1 a cabo la entrega de Premios en el Centro Cultural Ricardo Rojas, tras haberse evaluado los m\u00e1s de 150 trabajos y blogs de periodistas e instituciones de todo el pa\u00eds. La ceremonia ser\u00e1 presidida por el rector Alberto Barbieri.<\/p>\n<\/div>\n<p><strong>Institutos Terciarios \u2013 Universidades<\/strong><\/p>\n<ul>\n<li>\u00a0\u201cC\u00e1tedra Cosgaya\u201d, FADU &#8211; UBA\u00a0 \u201cBLOGNAT: noticias digitales de Ciencias Naturales\u201d, Instituto Superior 23 \u201cElisa Damiano\u201d<\/li>\n<\/ul>\n<p>Link:\u00a0<a href=\"http:\/\/www.uba.ar\/noticia\/19674\" target=\"_blank\" rel=\"nofollow noopener noreferrer\" data-auth=\"NotApplicable\">http:\/\/www.uba.ar\/noticia\/19674<\/a><\/p>\n<div>&#8212;&#8212;&#8212;&#8212;&#8212;&#8212;&#8212;&#8212;&#8212;&#8212;&#8212;&#8212;&#8212;&#8212;&#8212;&#8212;&#8212;&#8212;&#8212;&#8212;&#8212;&#8212;&#8212;&#8212;&#8212;&#8212;&#8212;&#8212;&#8212;&#8212;&#8212;&#8212;&#8212;&#8212;&#8212;&#8212;&#8212;&#8212;&#8212;&#8212;&#8212;&#8212;&#8212;&#8212;<\/div>\n<\/div>\n<h2>2019-Octubre-Blogs<\/h2>\n<p>Las alumnas de 2do. a\u00f1o del Profesorado de Educaci\u00f3n Primaria realizaron dos Blogs para participar del concurso \u00abPremio UBA a los blogs educativos 2019\u00bb. La propuesta surgi\u00f3 de la profesora a cargo del espacio curricular Ciencias Naturales y su Did\u00e1ctica I. El dise\u00f1o y creaci\u00f3n de cada uno de los blogs fue aut\u00f3nomo, la docente gui\u00f3 a las alumnas en la selecci\u00f3n y organizaci\u00f3n de la informaci\u00f3n.<\/p>\n<p>Los\/as invitamos a ingresar en:<\/p>\n<p>* BLOGNAT: noticias digitales de Ciencias Naturales, disponible en <a href=\"https:\/\/cienciasnaturalesnoticias.blogspot.com\/\" target=\"_NEW\" rel=\"noopener\">https:\/\/cienciasnaturalesnoticias.blogspot.com\/<\/a><\/p>\n<p>* El S.O.S. de las Ciencias Naturales en Educaci\u00f3n Superior, disponible en <a href=\"https:\/\/sosnaturaleseneducacionsuperior23.blogspot.com\/?m=1\" target=\"_NEW\" rel=\"noopener\">https:\/\/sosnaturaleseneducacionsuperior23.blogspot.com\/?m=1<\/a><\/p>\n<\/div>\n<\/div>\n<p>&#8212;&#8212;&#8212;&#8212;&#8212;&#8212;&#8212;&#8212;&#8212;&#8212;&#8212;&#8212;&#8212;&#8212;&#8212;&#8212;&#8212;&#8212;&#8212;&#8212;&#8212;&#8212;&#8212;&#8212;&#8212;&#8212;&#8212;&#8212;&#8212;&#8212;&#8212;&#8212;&#8212;&#8212;&#8212;&#8212;&#8212;&#8212;&#8212;&#8212;&#8212;&#8212;&#8212;-<\/p>\n<h2>2019-OCTUBRE<\/h2>\n<p><strong>\u201cJORNADA INSTITUCIONAL DE REFLEXI\u00d3N EN EL MARCO DE LA PREVENCI\u00d3N Y ERRADICACI\u00d3N DE LA VIOLENCIA CONTRA LAS MUJERES\u201d<\/strong><\/p>\n<p>Este Proyecto se respalda en la Ley Nacional N\u00b0 27.234\/15, que establece la obligatoriedad de realizar al menos una jornada anual en las Instituciones educativas de los diferentes niveles, de gesti\u00f3n estatal y privada.<\/p>\n<p>El objetivo que la ley enuncia es contribuir a que los\/as alumnos, alumnas y docentes desarrollen y afiancen actitudes, saberes, valores y pr\u00e1cticas que promuevan la igualdad de tratos y oportunidades entre varones y mujeres.<\/p>\n<p>Desde la c\u00e1tedra <em>Sexualidad Humana y Educaci\u00f3n<\/em> de los 4\u00b0 A\u00f1os de los Profesorados de Educaci\u00f3n Primaria y de Educaci\u00f3n Inicial, se dise\u00f1aron diferentes actividades que habilitaron un \u00e1mbito de reflexi\u00f3n frente a esta problem\u00e1tica, llevada a cabo el d\u00eda jueves 31 de octubre del corriente a\u00f1o.<\/p>\n<p>Al comienzo de la jornada escolar se coloc\u00f3 un stand en el ingreso al Instituto en el que las alumnas facilitaban folletos y cintas de color violetas alusivas a la tem\u00e1tica.\u00a0 Tambi\u00e9n, brindaban informaci\u00f3n relacionada a la propuesta y se invitaba a participar de un acto que se realizar\u00eda en el S.U.M. de la Instituci\u00f3n en horas posteriores.<\/p>\n<p>Seguidamente, dicho acto constaba de diferentes momentos:<\/p>\n<ul>\n<li><strong>Primer Momento<\/strong><strong>:<\/strong> dos alumnas eran las encargadas de narrar y guiar la Jornada Institucional conceptualizando, argumentando y jerarquizando la informaci\u00f3n brindada a los presentes.<\/li>\n<li><strong>Segundo Momento<\/strong><strong>:<\/strong> un grupo de alumnas de los profesorados realizaron una representaci\u00f3n para concientizar sobre las distintas maneras en que se manifiesta la violencia contra las mujeres. Luego, se proyect\u00f3 un Power Point con los casos de femicidios que m\u00e1s trascendieron en los medios de comunicaci\u00f3n zonales y nacionales.<\/li>\n<li><strong>Tercer Momento<\/strong><strong>:<\/strong> las alumnas encargadas del relato de la Jornada, reforzaron la informaci\u00f3n brindada.<\/li>\n<li><strong>Cuarto Momento<\/strong><strong>:<\/strong> para finalizar, se proyect\u00f3 un video que trascendi\u00f3 en los medios de comunicaci\u00f3n a cargo del personaje \u201c<em>Minguito<\/em>\u201d, llevado a cabo por el actor Miguel \u00c1ngel Rodriguez.<\/li>\n<\/ul>\n<p><a href=\"https:\/\/youtu.be\/_S4GO1CYT0o\">https:\/\/youtu.be\/_S4GO1CYT0o<\/a><\/p>\n<p><img decoding=\"async\" loading=\"lazy\" class=\"alignnone wp-image-956\" src=\"https:\/\/isp23-sfe.infd.edu.ar\/sitio\/wp-content\/uploads\/2019\/11\/IMG-20191031-WA0029-1000x750.jpg\" alt=\"\" width=\"652\" height=\"489\" srcset=\"https:\/\/isp23-sfe.infd.edu.ar\/sitio\/wp-content\/uploads\/2019\/11\/IMG-20191031-WA0029-1000x750.jpg 1000w, https:\/\/isp23-sfe.infd.edu.ar\/sitio\/wp-content\/uploads\/2019\/11\/IMG-20191031-WA0029-768x576.jpg 768w, https:\/\/isp23-sfe.infd.edu.ar\/sitio\/wp-content\/uploads\/2019\/11\/IMG-20191031-WA0029.jpg 1032w\" sizes=\"(max-width: 652px) 100vw, 652px\" \/> <img decoding=\"async\" loading=\"lazy\" class=\"alignnone wp-image-957\" src=\"https:\/\/isp23-sfe.infd.edu.ar\/sitio\/wp-content\/uploads\/2019\/11\/IMG-20191031-WA0047-563x1000.jpg\" alt=\"\" width=\"273\" height=\"485\" srcset=\"https:\/\/isp23-sfe.infd.edu.ar\/sitio\/wp-content\/uploads\/2019\/11\/IMG-20191031-WA0047-563x1000.jpg 563w, https:\/\/isp23-sfe.infd.edu.ar\/sitio\/wp-content\/uploads\/2019\/11\/IMG-20191031-WA0047.jpg 720w\" sizes=\"(max-width: 273px) 100vw, 273px\" \/> <img decoding=\"async\" loading=\"lazy\" class=\"alignnone wp-image-958\" src=\"https:\/\/isp23-sfe.infd.edu.ar\/sitio\/wp-content\/uploads\/2019\/11\/IMG-20191031-WA0057-1000x750.jpg\" alt=\"\" width=\"729\" height=\"547\" srcset=\"https:\/\/isp23-sfe.infd.edu.ar\/sitio\/wp-content\/uploads\/2019\/11\/IMG-20191031-WA0057-1000x750.jpg 1000w, https:\/\/isp23-sfe.infd.edu.ar\/sitio\/wp-content\/uploads\/2019\/11\/IMG-20191031-WA0057-768x576.jpg 768w, https:\/\/isp23-sfe.infd.edu.ar\/sitio\/wp-content\/uploads\/2019\/11\/IMG-20191031-WA0057.jpg 1152w\" sizes=\"(max-width: 729px) 100vw, 729px\" \/> <img decoding=\"async\" loading=\"lazy\" class=\"alignnone wp-image-959\" src=\"https:\/\/isp23-sfe.infd.edu.ar\/sitio\/wp-content\/uploads\/2019\/11\/IMG-20191031-WA0017-362x1000.jpg\" alt=\"\" width=\"211\" height=\"583\" srcset=\"https:\/\/isp23-sfe.infd.edu.ar\/sitio\/wp-content\/uploads\/2019\/11\/IMG-20191031-WA0017-362x1000.jpg 362w, https:\/\/isp23-sfe.infd.edu.ar\/sitio\/wp-content\/uploads\/2019\/11\/IMG-20191031-WA0017.jpg 463w\" sizes=\"(max-width: 211px) 100vw, 211px\" \/><\/p>\n<p>&#8212;&#8212;&#8212;&#8212;&#8212;&#8212;&#8212;&#8212;&#8212;&#8212;&#8212;&#8212;&#8212;&#8212;&#8212;&#8212;&#8212;&#8212;&#8212;&#8212;&#8212;&#8212;&#8212;&#8212;&#8212;&#8212;&#8212;&#8212;&#8212;&#8212;&#8212;&#8212;&#8212;&#8212;&#8212;&#8212;&#8212;&#8212;&#8212;&#8212;&#8212;&#8212;&#8212;&#8212;&#8212;&#8212;&#8212;&#8212;&#8212;&#8212;&#8212;&#8212;&#8212;&#8212;&#8212;&#8212;&#8212;&#8211;<\/p>\n<p style=\"text-align: left;\"><strong>2017 &#8211; TERTULIAS DIAL\u00d3GICAS LITERARIAS<br \/>\n<\/strong><\/p>\n<p><strong><img decoding=\"async\" loading=\"lazy\" style=\"vertical-align: middle;\" src=\"https:\/\/isp23-sfe.infd.edu.ar\/aula\/archivos\/repositorio\/0\/110\/20171002_230115.jpg\" alt=\"\" width=\"521\" height=\"293\" border=\"0\" \/><\/strong><\/p>\n<p style=\"text-align: justify;\">\u00a0\u00a0\u00a0\u00a0\u00a0\u00a0\u00a0\u00a0\u00a0\u00a0\u00a0\u00a0\u00a0\u00a0\u00a0 <span style=\"font-size: 10pt;\">La experiencia de las <strong>tertulias dial\u00f3gicas literarias<\/strong> en nuestro Instituto Superior N\u00b0 23 \u201cElisa Damiano\u201d estuvo a cargo de dos docentes moderadoras: Patricia Faverzani y Carina Rasero. Se realizaron con dos grupos de alumnas integradas en un mismo horario: segundo a\u00f1o del Profesorado de Educaci\u00f3n Inicial y tercer a\u00f1o del Profesorado de Educaci\u00f3n Primaria.<\/span><\/p>\n<p style=\"text-align: justify;\"><span style=\"font-size: 10pt;\">\u00a0\u00a0\u00a0\u00a0\u00a0\u00a0\u00a0\u00a0\u00a0\u00a0\u00a0\u00a0\u00a0\u00a0\u00a0 Se consumaron cuatro encuentros: en el primero de ellos se explic\u00f3 en qu\u00e9 consistir\u00eda la propuesta y, tal como se plantea en la bibliograf\u00eda abordada, se acordaron futuras lecturas para los pr\u00f3ximos encuentros.<\/span><\/p>\n<p style=\"text-align: justify;\"><span style=\"font-size: 10pt;\">\u00a0\u00a0\u00a0\u00a0\u00a0\u00a0\u00a0\u00a0\u00a0\u00a0\u00a0\u00a0\u00a0\u00a0\u00a0 El libro presentado fue <em>\u201c<strong>A medio borrar\u201d<\/strong><\/em><strong>, una antolog\u00eda del escritor Juan Jos\u00e9 Saer<\/strong>. El grupo fue conviniendo lecturas del libro tales como: <em>Pr\u00f3logo y biograf\u00eda del autor<\/em>, <em>\u201cEn la costra reseca\u201d,<\/em> <em>\u201cLa tardecita\u201d<\/em> y la nouvelle: <em>\u201cA medio borrar\u201d<\/em> como propuesta para compartir el a\u00f1o pr\u00f3ximo.<\/span><\/p>\n<p style=\"text-align: justify;\"><span style=\"font-size: 10pt;\">\u00a0\u00a0\u00a0\u00a0\u00a0\u00a0\u00a0\u00a0\u00a0\u00a0\u00a0\u00a0\u00a0\u00a0\u00a0 Los encuentros fueron muy amenos y productivos; se respetaron los turnos de palabra, se evidenci\u00f3 una escucha atenta en la que la empat\u00eda prioriz\u00f3 lo conceptual. Hubo momentos cargados de mucha emoci\u00f3n relacionados a temas como el viaje, la infancia, los afectos, la noci\u00f3n de territorio.<\/span><\/p>\n<p style=\"text-align: justify;\"><span style=\"font-size: 10pt;\">\u00a0\u00a0\u00a0\u00a0\u00a0\u00a0\u00a0\u00a0\u00a0\u00a0\u00a0\u00a0\u00a0\u00a0\u00a0 Acordar un horario entre personas que se juntan a hablar de s\u00ed mismas, de sus percepciones sobre la vida a trav\u00e9s de obras cl\u00e1sicas de literatura en un c\u00edrculo de escucha respetuosa, en un c\u00edrculo de miradas sinceras y afectivas, hizo que el hablar tome otra dimensi\u00f3n, hizo que se pueda uno detener en ciertos temas tan esenciales del ser humano que en otros \u00e1mbitos de la vida cotidiana en la que prima el apuro resulta casi imposible.<\/span><\/p>\n<p style=\"text-align: justify;\"><span style=\"font-size: 10pt;\">\u00a0\u00a0\u00a0\u00a0\u00a0\u00a0\u00a0\u00a0\u00a0\u00a0\u00a0\u00a0\u00a0\u00a0\u00a0 Fue una experiencia realmente positiva desde todos los aspectos en los que se la pueda analizar s\u00f3lo que el pr\u00f3ximo a\u00f1o deseamos se realice durante el primer cuatrimestre debido a que los tiempos de estudio y preparaci\u00f3n de ex\u00e1menes parciales y finales imposibilit\u00f3 seguir unos encuentros m\u00e1s.<\/span><\/p>\n<p style=\"text-align: justify;\"><span style=\"font-size: 8pt;\">Docentes moderadoras.<\/span><\/p>\n<hr \/>\n<p><span style=\"text-decoration: underline; font-size: 10pt;\"><span style=\"font-family: verdana, geneva;\"><strong>Publicaciones de alumnos &#8211; 2013<\/strong><\/span><\/span><\/p>\n<table style=\"width: 544px; height: 118px;\" border=\"0\" align=\"center\">\n<tbody>\n<tr>\n<td><strong><span style=\"text-decoration: underline; font-size: 10pt; font-family: verdana, geneva;\">T\u00edtulo:<\/span>\u00a0<\/strong><span style=\"font-family: 'Trebuchet MS', Trebuchet, sans-serif;\">\u00abLA EDUCACI\u00d3N EN 1976\u00bb.\u00a0<\/span><span style=\"font-family: 'Trebuchet MS', Trebuchet, sans-serif;\">\u00a0\u00abNi olvido, ni perd\u00f3n, JUSTICIA\u00bb.<\/span><\/p>\n<p><span style=\"text-decoration: underline; font-family: verdana, geneva; font-size: 10pt;\"><strong>Autores:\u00a0 <\/strong><\/span>3er. a\u00f1o Profesorado de Educaci\u00f3n Inicial y Educaci\u00f3n Primaria.<\/td>\n<td><a href=\"http:\/\/prof23iyp.blogspot.com\/\" target=\"_blank\" rel=\"noopener\">http:\/\/prof23iyp.blogspot.com<\/a><\/td>\n<\/tr>\n<\/tbody>\n<\/table>\n<p><strong style=\"font-family: verdana, geneva; font-size: 10pt;\">&#8212;&#8212;&#8212;&#8212;&#8212;&#8212;&#8212;&#8212;&#8212;&#8212;&#8212;&#8212;&#8212;&#8212;&#8212;&#8212;&#8212;&#8212;&#8212;&#8212;&#8212;&#8212;&#8212;&#8212;-<\/strong><\/p>\n<p><span style=\"text-decoration: underline;\"><strong style=\"font-family: verdana, geneva; font-size: 10pt;\">Publicaciones de alumnos &#8211; 2012<\/strong><\/span><\/p>\n<table style=\"width: 544px; height: 118px;\" border=\"0\" align=\"center\">\n<tbody>\n<tr>\n<td><span style=\"font-family: verdana,geneva; font-size: 10pt;\"><strong><span style=\"text-decoration: underline;\">T\u00edtulo: <\/span><\/strong>Taller Ambiente y Sociedad &#8211; \u00abProblem\u00e1ticas Ambientales\u00bb<\/span><\/p>\n<p><span style=\"font-family: verdana,geneva; font-size: 10pt;\"><strong><span style=\"text-decoration: underline;\">Autores: <\/span><\/strong>1\u00ba a\u00f1o Profesorado de Educaci\u00f3n Inicial y Primaria. Nov. 2011.<strong><br \/>\n<\/strong><\/span><\/td>\n<td>blogspot (no disponible)<\/td>\n<\/tr>\n<tr>\n<td><span style=\"font-family: verdana,geneva; font-size: 10pt;\"><strong><span style=\"text-decoration: underline;\">T\u00edtulo: <\/span><\/strong>Ejemplos de wikispaces&#8230;.. blogs \u00a0 y sites de BIOLOGIA<\/span>.<\/p>\n<div><span style=\"font-family: verdana,geneva; font-size: 10pt;\"><strong><span style=\"text-decoration: underline;\">Autores: <\/span><\/strong><\/span><span style=\"font-family: verdana,geneva; font-size: 10pt;\">3\u00ba y 4\u00ba a\u00f1o Profesorado de Biolog\u00eda para 3 E.G.B y Polimodal. Nov. 2011\u00a0 <\/span><strong><br \/>\n<\/strong><\/div>\n<\/td>\n<td>\n<div><a href=\"https:\/\/sites.google.com\/site\/reproduccionhumana1\/home\">https:\/\/sites.google.com\/site\/reproduccionhumana1\/home<\/a><\/div>\n<div>\n<p><a href=\"http:\/\/alumnas3roy4to.blogspot.com\/2011\/08\/por-que-usar-un-blog-en-educacion.html\">http:\/\/alumnas3roy4to.blogspot.com\/2011\/08\/por-que-usar-un-blog-en-educacion.html<\/a><\/p>\n<div><a href=\"http:\/\/sistemac.wikispaces.com\/\">http:\/\/sistemac.wikispaces.com\/<\/a><\/div>\n<div><\/div>\n<\/div>\n<\/td>\n<\/tr>\n<\/tbody>\n<\/table>\n","protected":false},"excerpt":{"rendered":"<p>2021 &#8211; Noviembre El siguiente Blog disponible en https:\/\/cienciaylamujer.blogspot.com\/ forma parte de una de las actividades pensadas y llevadas a cabo en el Proyecto de extensi\u00f3n realizado por los estudiantes Andreis J\u00e9sica, Bianciotto Sof\u00eda, Laguardia Santiago, Mart\u00ednez Jimena y Nicolino Natalia; del \u00faltimo a\u00f1o del Profesorado de Educaci\u00f3n Secundaria en Biolog\u00eda; desde el Espacio Curricular &#8230; <a title=\"Publicaciones de alumnos\" class=\"read-more\" href=\"https:\/\/isp23-sfe.infd.edu.ar\/sitio\/publicaciones-de-alumnos\/\" aria-label=\"More on Publicaciones de alumnos\">[+]<\/a><\/p>\n","protected":false},"author":243,"featured_media":0,"parent":0,"menu_order":0,"comment_status":"closed","ping_status":"closed","template":"","meta":[],"acf":[],"_links":{"self":[{"href":"https:\/\/isp23-sfe.infd.edu.ar\/sitio\/wp-json\/wp\/v2\/pages\/809"}],"collection":[{"href":"https:\/\/isp23-sfe.infd.edu.ar\/sitio\/wp-json\/wp\/v2\/pages"}],"about":[{"href":"https:\/\/isp23-sfe.infd.edu.ar\/sitio\/wp-json\/wp\/v2\/types\/page"}],"author":[{"embeddable":true,"href":"https:\/\/isp23-sfe.infd.edu.ar\/sitio\/wp-json\/wp\/v2\/users\/243"}],"replies":[{"embeddable":true,"href":"https:\/\/isp23-sfe.infd.edu.ar\/sitio\/wp-json\/wp\/v2\/comments?post=809"}],"version-history":[{"count":18,"href":"https:\/\/isp23-sfe.infd.edu.ar\/sitio\/wp-json\/wp\/v2\/pages\/809\/revisions"}],"predecessor-version":[{"id":1202,"href":"https:\/\/isp23-sfe.infd.edu.ar\/sitio\/wp-json\/wp\/v2\/pages\/809\/revisions\/1202"}],"wp:attachment":[{"href":"https:\/\/isp23-sfe.infd.edu.ar\/sitio\/wp-json\/wp\/v2\/media?parent=809"}],"curies":[{"name":"wp","href":"https:\/\/api.w.org\/{rel}","templated":true}]}}