{"id":844,"date":"2018-08-31T16:15:43","date_gmt":"2018-08-31T19:15:43","guid":{"rendered":"https:\/\/isp23-sfe.infd.edu.ar\/sitio\/plan-de-estudios-6\/"},"modified":"2021-07-27T11:39:36","modified_gmt":"2021-07-27T14:39:36","slug":"plan-de-estudios-6","status":"publish","type":"page","link":"https:\/\/isp23-sfe.infd.edu.ar\/sitio\/plan-de-estudios-6\/","title":{"rendered":"Plan de Estudios"},"content":{"rendered":"<table border=\"1\" cellspacing=\"0\" cellpadding=\"0\">\n<tbody>\n<tr>\n<td colspan=\"4\" valign=\"top\" width=\"716\">\n<p style=\"text-align: center;\">\u00a0<span style=\"font-size: 12pt; background-color: #ffffff; color: #00ccff;\"><strong>T\u00e9cnico Superior en Gesti\u00f3n de las Organizaciones<\/strong><\/span><\/p>\n<p style=\"text-align: center;\"><span style=\"font-size: 8pt; background-color: #ffffff; color: #00ccff;\"><strong>(Resol. N\u00ba 378\/16)<\/strong><\/span><\/p>\n<\/td>\n<\/tr>\n<tr>\n<td valign=\"top\" width=\"477\">\n<p style=\"text-align: center;\"><span style=\"font-size: 10pt;\"><strong>1er. A\u00f1o<\/strong><\/span><\/p>\n<\/td>\n<td style=\"text-align: center;\" valign=\"top\" width=\"60\"><strong>Anual<\/strong><\/td>\n<td style=\"text-align: center;\" valign=\"top\" width=\"89\"><strong>1\u00ba CUATRIM.<\/strong><\/td>\n<td style=\"text-align: center;\" valign=\"top\" width=\"89\"><strong>2\u00ba CUATRIM.<\/strong><\/td>\n<\/tr>\n<tr>\n<td width=\"477\"><span style=\"font-family: times new roman,times;\">Comunicaci\u00f3n<\/span><\/td>\n<td style=\"text-align: center;\" width=\"60\"><span style=\"font-family: times new roman,times;\">\u00a0<\/span><\/td>\n<td style=\"text-align: center;\" width=\"89\"><span style=\"font-family: times new roman,times;\">X<\/span><\/td>\n<td style=\"text-align: center;\" width=\"89\"><span style=\"font-family: times new roman,times;\">\u00a0<\/span><\/td>\n<\/tr>\n<tr>\n<td width=\"477\"><span style=\"font-family: times new roman,times;\">Unidad de Definici\u00f3n Institucional I<\/span><\/td>\n<td style=\"text-align: center;\" width=\"60\"><span style=\"font-family: times new roman,times;\">\u00a0<\/span><\/td>\n<td style=\"text-align: center;\" width=\"89\"><span style=\"font-family: times new roman,times;\">\u00a0<\/span><\/td>\n<td style=\"text-align: center;\" width=\"89\"><span style=\"font-family: times new roman,times;\">X<\/span><\/td>\n<\/tr>\n<tr>\n<td width=\"477\"><span style=\"font-family: times new roman,times;\">Econom\u00eda<\/span><\/td>\n<td style=\"text-align: center;\" width=\"60\"><span style=\"font-family: times new roman,times;\">X<\/span><\/td>\n<td style=\"text-align: center;\" width=\"89\"><span style=\"font-family: times new roman,times;\">\u00a0<\/span><\/td>\n<td style=\"text-align: center;\" width=\"89\"><span style=\"font-family: times new roman,times;\">\u00a0<\/span><\/td>\n<\/tr>\n<tr>\n<td width=\"477\"><span style=\"font-family: times new roman,times;\">Matem\u00e1tica y Estad\u00edstica<\/span><\/td>\n<td style=\"text-align: center;\" width=\"60\"><span style=\"font-family: times new roman,times;\">X<\/span><\/td>\n<td style=\"text-align: center;\" width=\"89\"><span style=\"font-family: times new roman,times;\">\u00a0<\/span><\/td>\n<td style=\"text-align: center;\" width=\"89\"><span style=\"font-family: times new roman,times;\">\u00a0<\/span><\/td>\n<\/tr>\n<tr>\n<td width=\"477\"><span style=\"font-family: times new roman,times;\">Contabilidad<\/span><\/td>\n<td style=\"text-align: center;\" width=\"60\"><span style=\"font-family: times new roman,times;\">X<\/span><\/td>\n<td style=\"text-align: center;\" width=\"89\"><span style=\"font-family: times new roman,times;\">\u00a0<\/span><\/td>\n<td style=\"text-align: center;\" width=\"89\"><span style=\"font-family: times new roman,times;\">\u00a0<\/span><\/td>\n<\/tr>\n<tr>\n<td width=\"477\"><span style=\"font-family: times new roman,times;\">Inform\u00e1tica<\/span><\/td>\n<td style=\"text-align: center;\" width=\"60\"><span style=\"font-family: times new roman,times;\">X<\/span><\/td>\n<td style=\"text-align: center;\" width=\"89\"><span style=\"font-family: times new roman,times;\">\u00a0<\/span><\/td>\n<td style=\"text-align: center;\" width=\"89\"><span style=\"font-family: times new roman,times;\">\u00a0<\/span><\/td>\n<\/tr>\n<tr>\n<td width=\"477\"><span style=\"font-family: times new roman,times;\">Administraci\u00f3n<\/span><\/td>\n<td style=\"text-align: center;\" width=\"60\"><span style=\"font-family: times new roman,times;\">X<\/span><\/td>\n<td style=\"text-align: center;\" width=\"89\"><span style=\"font-family: times new roman,times;\">\u00a0<\/span><\/td>\n<td style=\"text-align: center;\" width=\"89\"><span style=\"font-family: times new roman,times;\">\u00a0<\/span><\/td>\n<\/tr>\n<tr>\n<td width=\"477\"><span style=\"font-family: times new roman,times;\">Gesti\u00f3n de la Producci\u00f3n<\/span><\/td>\n<td style=\"text-align: center;\" width=\"60\"><span style=\"font-family: times new roman,times;\">X<\/span><\/td>\n<td style=\"text-align: center;\" width=\"89\"><span style=\"font-family: times new roman,times;\">\u00a0<\/span><\/td>\n<td style=\"text-align: center;\" width=\"89\"><span style=\"font-family: times new roman,times;\">\u00a0<\/span><\/td>\n<\/tr>\n<tr>\n<td width=\"477\"><span style=\"font-family: times new roman,times;\">Gesti\u00f3n del Capital Humano<\/span><\/td>\n<td style=\"text-align: center;\" width=\"60\"><span style=\"font-family: times new roman,times;\">X<\/span><\/td>\n<td style=\"text-align: center;\" width=\"89\"><span style=\"font-family: times new roman,times;\">\u00a0<\/span><\/td>\n<td style=\"text-align: center;\" width=\"89\"><span style=\"font-family: times new roman,times;\">\u00a0<\/span><\/td>\n<\/tr>\n<tr>\n<td valign=\"top\" width=\"477\">\n<p style=\"text-align: center;\"><span style=\"font-size: 10pt;\"><strong>2do. A\u00f1o<\/strong><\/span><\/p>\n<\/td>\n<td style=\"text-align: center;\" valign=\"top\" width=\"60\"><strong>Anual<\/strong><\/td>\n<td style=\"text-align: center;\" valign=\"top\" width=\"89\"><strong>1\u00ba CUATRIM.<\/strong><\/td>\n<td style=\"text-align: center;\" valign=\"top\" width=\"89\"><strong>2\u00ba CUATRIM.<\/strong><\/td>\n<\/tr>\n<tr>\n<td width=\"477\"><span style=\"font-family: times new roman,times;\">Problem\u00e1ticas Socio Contempor\u00e1neas<\/span><\/td>\n<td style=\"text-align: center;\" width=\"60\"><span style=\"font-family: times new roman,times;\">\u00a0<\/span><\/td>\n<td style=\"text-align: center;\" width=\"89\"><span style=\"font-family: times new roman,times;\">X<\/span><\/td>\n<td style=\"text-align: center;\" width=\"89\"><span style=\"font-family: times new roman,times;\">\u00a0<\/span><\/td>\n<\/tr>\n<tr>\n<td width=\"477\"><span style=\"font-family: times new roman,times;\">Unidad de Definici\u00f3n Institucional II<\/span><\/td>\n<td style=\"text-align: center;\" width=\"60\"><span style=\"font-family: times new roman,times;\">\u00a0<\/span><\/td>\n<td style=\"text-align: center;\" width=\"89\"><span style=\"font-family: times new roman,times;\">\u00a0<\/span><\/td>\n<td style=\"text-align: center;\" width=\"89\"><span style=\"font-family: times new roman,times;\">X<\/span><\/td>\n<\/tr>\n<tr>\n<td width=\"477\"><span style=\"font-family: times new roman,times;\">Innovaci\u00f3n y Desarrollo Emprendedor<\/span><\/td>\n<td style=\"text-align: center;\" width=\"60\"><span style=\"font-family: times new roman,times;\">X<\/span><\/td>\n<td style=\"text-align: center;\" width=\"89\"><span style=\"font-family: times new roman,times;\">\u00a0<\/span><\/td>\n<td style=\"text-align: center;\" width=\"89\"><span style=\"font-family: times new roman,times;\">\u00a0<\/span><\/td>\n<\/tr>\n<tr>\n<td width=\"477\"><span style=\"font-family: times new roman,times;\">Ingl\u00e9s T\u00e9cnico<\/span><\/td>\n<td style=\"text-align: center;\" width=\"60\"><span style=\"font-family: times new roman,times;\">X<\/span><\/td>\n<td style=\"text-align: center;\" width=\"89\"><span style=\"font-family: times new roman,times;\">\u00a0<\/span><\/td>\n<td style=\"text-align: center;\" width=\"89\"><span style=\"font-family: times new roman,times;\">\u00a0<\/span><\/td>\n<\/tr>\n<tr>\n<td width=\"477\"><span style=\"font-family: times new roman,times;\">Legislaci\u00f3n Comercial y Tributaria<\/span><\/td>\n<td style=\"text-align: center;\" width=\"60\"><span style=\"font-family: times new roman,times;\">X<\/span><\/td>\n<td style=\"text-align: center;\" width=\"89\"><span style=\"font-family: times new roman,times;\">\u00a0<\/span><\/td>\n<td style=\"text-align: center;\" width=\"89\"><span style=\"font-family: times new roman,times;\">\u00a0<\/span><\/td>\n<\/tr>\n<tr>\n<td width=\"477\"><span style=\"font-family: times new roman,times;\">Gesti\u00f3n de Comercializaci\u00f3n e Investigaci\u00f3n Comercial<\/span><\/td>\n<td style=\"text-align: center;\" width=\"60\"><span style=\"font-family: times new roman,times;\">X<\/span><\/td>\n<td style=\"text-align: center;\" width=\"89\"><span style=\"font-family: times new roman,times;\">\u00a0<\/span><\/td>\n<td style=\"text-align: center;\" width=\"89\"><span style=\"font-family: times new roman,times;\">\u00a0<\/span><\/td>\n<\/tr>\n<tr>\n<td width=\"477\"><span style=\"font-family: times new roman,times;\">Gesti\u00f3n de Costos<\/span><\/td>\n<td style=\"text-align: center;\" width=\"60\"><span style=\"font-family: times new roman,times;\">X<\/span><\/td>\n<td style=\"text-align: center;\" width=\"89\"><span style=\"font-family: times new roman,times;\">\u00a0<\/span><\/td>\n<td style=\"text-align: center;\" width=\"89\"><span style=\"font-family: times new roman,times;\">\u00a0<\/span><\/td>\n<\/tr>\n<tr>\n<td width=\"477\"><span style=\"font-family: times new roman,times;\">Gesti\u00f3n Contable<\/span><\/td>\n<td style=\"text-align: center;\" width=\"60\"><span style=\"font-family: times new roman,times;\">X<\/span><\/td>\n<td style=\"text-align: center;\" width=\"89\"><span style=\"font-family: times new roman,times;\">\u00a0<\/span><\/td>\n<td style=\"text-align: center;\" width=\"89\"><span style=\"font-family: times new roman,times;\">\u00a0<\/span><\/td>\n<\/tr>\n<tr>\n<td width=\"477\"><span style=\"font-family: times new roman,times;\">Pr\u00e1ctica Profesionalizante I<\/span><\/td>\n<td style=\"text-align: center;\" width=\"60\"><span style=\"font-family: times new roman,times;\">X<\/span><\/td>\n<td style=\"text-align: center;\" width=\"89\"><\/td>\n<td style=\"text-align: center;\" width=\"89\"><\/td>\n<\/tr>\n<tr>\n<td valign=\"top\" width=\"477\">\n<p style=\"text-align: center;\"><span style=\"font-size: 10pt;\"><strong>3er. A\u00f1o<\/strong><\/span><\/p>\n<\/td>\n<td style=\"text-align: center;\" valign=\"top\" width=\"60\"><strong>Anual<\/strong><\/td>\n<td style=\"text-align: center;\" valign=\"top\" width=\"89\"><strong>1\u00ba CUATRIM.<\/strong><\/td>\n<td style=\"text-align: center;\" valign=\"top\" width=\"89\"><strong>2\u00ba CUATRIM.<\/strong><\/td>\n<\/tr>\n<tr>\n<td width=\"477\"><span style=\"font-family: times new roman,times;\">Gesti\u00f3n de Seguridad, Salud Ocupacional y Medio Ambiente<\/span><\/td>\n<td style=\"text-align: center;\" width=\"60\"><span style=\"font-family: times new roman,times;\">X<\/span><\/td>\n<td style=\"text-align: center;\" width=\"89\"><span style=\"font-family: times new roman,times;\">\u00a0<\/span><\/td>\n<td style=\"text-align: center;\" width=\"89\"><span style=\"font-family: times new roman,times;\">\u00a0<\/span><\/td>\n<\/tr>\n<tr>\n<td width=\"477\"><span style=\"font-family: times new roman,times;\">\u00c9tica y Responsabilidad Social<\/span><\/td>\n<td style=\"text-align: center;\" width=\"60\"><span style=\"font-family: times new roman,times;\">\u00a0<\/span><\/td>\n<td style=\"text-align: center;\" width=\"89\"><span style=\"font-family: times new roman,times;\">X<\/span><\/td>\n<td style=\"text-align: center;\" width=\"89\"><span style=\"font-family: times new roman,times;\">\u00a0<\/span><\/td>\n<\/tr>\n<tr>\n<td width=\"477\"><span style=\"font-family: times new roman,times;\">\u00a0 Legislaci\u00f3n Laboral y liquidaci\u00f3n de sueldos<\/span><\/td>\n<td style=\"text-align: center;\" width=\"60\"><span style=\"font-family: times new roman,times;\">\u00a0<\/span><\/td>\n<td style=\"text-align: center;\" width=\"89\"><span style=\"font-family: times new roman,times;\">\u00a0<\/span><\/td>\n<td style=\"text-align: center;\" width=\"89\"><span style=\"font-family: times new roman,times;\">X<\/span><\/td>\n<\/tr>\n<tr>\n<td width=\"477\"><span style=\"font-family: times new roman,times;\">Estrategia Empresarial<\/span><\/td>\n<td style=\"text-align: center;\" width=\"60\"><span style=\"font-family: times new roman,times;\">X<\/span><\/td>\n<td style=\"text-align: center;\" width=\"89\"><span style=\"font-family: times new roman,times;\">\u00a0<\/span><\/td>\n<td style=\"text-align: center;\" width=\"89\"><span style=\"font-family: times new roman,times;\">\u00a0<\/span><\/td>\n<\/tr>\n<tr>\n<td width=\"477\"><span style=\"font-family: times new roman,times;\">Sistemas de Informaci\u00f3n para la Gesti\u00f3n de las Organizaciones<\/span><\/td>\n<td style=\"text-align: center;\" width=\"60\"><span style=\"font-family: times new roman,times;\">X<\/span><\/td>\n<td style=\"text-align: center;\" width=\"89\"><span style=\"font-family: times new roman,times;\">\u00a0<\/span><\/td>\n<td style=\"text-align: center;\" width=\"89\"><span style=\"font-family: times new roman,times;\">\u00a0<\/span><\/td>\n<\/tr>\n<tr>\n<td width=\"477\"><span style=\"font-family: times new roman,times;\">Gesti\u00f3n Financiera<\/span><\/td>\n<td style=\"text-align: center;\" width=\"60\"><span style=\"font-family: times new roman,times;\">X<\/span><\/td>\n<td style=\"text-align: center;\" width=\"89\"><span style=\"font-family: times new roman,times;\">\u00a0<\/span><\/td>\n<td style=\"text-align: center;\" width=\"89\"><span style=\"font-family: times new roman,times;\">\u00a0<\/span><\/td>\n<\/tr>\n<tr>\n<td width=\"477\"><span style=\"font-family: times new roman,times;\">Evaluaci\u00f3n y Administraci\u00f3n de Proyectos de Inversi\u00f3n<\/span><\/td>\n<td style=\"text-align: center;\" width=\"60\"><span style=\"font-family: times new roman,times;\">X<\/span><\/td>\n<td style=\"text-align: center;\" width=\"89\"><span style=\"font-family: times new roman,times;\">\u00a0<\/span><\/td>\n<td style=\"text-align: center;\" width=\"89\"><span style=\"font-family: times new roman,times;\">\u00a0<\/span><\/td>\n<\/tr>\n<tr>\n<td width=\"477\"><span style=\"font-family: times new roman,times;\">Control de Gesti\u00f3n<\/span><\/td>\n<td style=\"text-align: center;\" width=\"60\"><span style=\"font-family: times new roman,times;\">X<\/span><\/td>\n<td style=\"text-align: center;\" width=\"89\"><span style=\"font-family: times new roman,times;\">\u00a0<\/span><\/td>\n<td style=\"text-align: center;\" width=\"89\"><span style=\"font-family: times new roman,times;\">\u00a0<\/span><\/td>\n<\/tr>\n<tr>\n<td width=\"477\"><span style=\"font-family: times new roman,times;\">Pr\u00e1ctica Profesionalizante II<\/span><\/td>\n<td style=\"text-align: center;\" width=\"60\"><span style=\"font-family: times new roman,times;\">X<\/span><\/td>\n<td style=\"text-align: center;\" width=\"89\"><span style=\"font-family: times new roman,times;\">\u00a0<\/span><\/td>\n<td style=\"text-align: center;\" width=\"89\"><span style=\"font-family: times new roman,times;\">\u00a0<\/span><\/td>\n<\/tr>\n<\/tbody>\n<\/table>\n","protected":false},"excerpt":{"rendered":"<p>\u00a0T\u00e9cnico Superior en Gesti\u00f3n de las Organizaciones (Resol. N\u00ba 378\/16) 1er. A\u00f1o Anual 1\u00ba CUATRIM. 2\u00ba CUATRIM. Comunicaci\u00f3n \u00a0 X \u00a0 Unidad de Definici\u00f3n Institucional I \u00a0 \u00a0 X Econom\u00eda X \u00a0 \u00a0 Matem\u00e1tica y Estad\u00edstica X \u00a0 \u00a0 Contabilidad X \u00a0 \u00a0 Inform\u00e1tica X \u00a0 \u00a0 Administraci\u00f3n X \u00a0 \u00a0 Gesti\u00f3n de la Producci\u00f3n &#8230; <a title=\"Plan de Estudios\" class=\"read-more\" href=\"https:\/\/isp23-sfe.infd.edu.ar\/sitio\/plan-de-estudios-6\/\" aria-label=\"More on Plan de Estudios\">[+]<\/a><\/p>\n","protected":false},"author":243,"featured_media":0,"parent":0,"menu_order":0,"comment_status":"closed","ping_status":"closed","template":"","meta":[],"acf":[],"_links":{"self":[{"href":"https:\/\/isp23-sfe.infd.edu.ar\/sitio\/wp-json\/wp\/v2\/pages\/844"}],"collection":[{"href":"https:\/\/isp23-sfe.infd.edu.ar\/sitio\/wp-json\/wp\/v2\/pages"}],"about":[{"href":"https:\/\/isp23-sfe.infd.edu.ar\/sitio\/wp-json\/wp\/v2\/types\/page"}],"author":[{"embeddable":true,"href":"https:\/\/isp23-sfe.infd.edu.ar\/sitio\/wp-json\/wp\/v2\/users\/243"}],"replies":[{"embeddable":true,"href":"https:\/\/isp23-sfe.infd.edu.ar\/sitio\/wp-json\/wp\/v2\/comments?post=844"}],"version-history":[{"count":1,"href":"https:\/\/isp23-sfe.infd.edu.ar\/sitio\/wp-json\/wp\/v2\/pages\/844\/revisions"}],"predecessor-version":[{"id":1132,"href":"https:\/\/isp23-sfe.infd.edu.ar\/sitio\/wp-json\/wp\/v2\/pages\/844\/revisions\/1132"}],"wp:attachment":[{"href":"https:\/\/isp23-sfe.infd.edu.ar\/sitio\/wp-json\/wp\/v2\/media?parent=844"}],"curies":[{"name":"wp","href":"https:\/\/api.w.org\/{rel}","templated":true}]}}